 f(0).
3, 5, 37
Suppose 0*v + 4*v = 4*m + 16, 5*v = 4*m + 11. Let z = m + 21. List the prime factors of z.
2, 3
Let a(v) = -v**3 - 7*v**2 - 8*v - 9. Let r be a(-6). Suppose 0 = -r*y + b + 198, 4*y - 271 = b - 2*b. What are the prime factors of y?
67
Let k = 14 + -12. Suppose 4*v - 61 = -5*j + 31, k*v = -4*j + 52. What are the prime factors of v?
2, 3
Let k(z) = 6*z**2 - 1. Let v be k(3). Suppose -15*u - 584 + 149 = 0. Let f = u + v. What are the prime factors of f?
2, 3
Let d = 36 - 24. Suppose 3*m = d + 3. Suppose -m*g + 30 = -4*g. What are the prime factors of g?
2, 3, 5
Let z be (-491)/(-4) - (-6)/(-8). Suppose 0 = -5*h + z - 497. What are the prime factors of h/(-10)*(-1 - -3)?
3, 5
Suppose 3*d = 3*m, -12 = -2*d + d - 3*m. Let n = 63 - d. List the prime factors of n.
2, 3, 5
Let i = 3000 + -621. List the prime factors of i.
3, 13, 61
Suppose 4*n - 5*r - 21 = 0, 3*n = 3*r + 11 + 1. Let m be (4 - (-4)/n)*-1. Suppose 3*p + p - 204 = m. What are the prime factors of p?
3, 17
Suppose -5*k = -4*c - 206, 4*k - 132 = -3*c - 2*c. Suppose -36*t = -k*t + 528. List the prime factors of t.
2, 3, 11
Let g = 1909 - 767. What are the prime factors of g?
2, 571
Suppose -2*c + 9 = 3*c - 3*w, 4*c = w + 3. Suppose -5*p - 112 + 32 = -5*y, -2*p + 10 = c. What are the prime factors of y?
3, 7
List the prime factors of 1594 - (54/6 - 10).
5, 11, 29
Suppose 12 = 3*p - 3*z, -5*p - 28 + 8 = 3*z. Let v = p - -5. Suppose 3*b - 13 = -v. List the prime factors of b.
3
Let f = -61 - -143. Let c = f + -47. List the prime factors of c.
5, 7
Let v = 68 + -41. List the prime factors of v.
3
Let g be -3 - -99 - (0 + -5 + 3). What are the prime factors of g - (6 - 3 - 4)?
3, 11
Let i(l) = 8 + 10 - 7*l - 17. What are the prime factors of i(-6)?
43
Let g(p) = p**2 - 2*p + 12. Let l be g(8). Suppose -3*c + l = -7*c. Let q = c + 26. List the prime factors of q.
11
Suppose 36 = -2*t - 3*j, -t - 13 = 4*j + 5. Let g = t + 25. List the prime factors of g.
7
Suppose -x - 3*x - 24 = 0. Let v be (-2)/(-3) + (-230)/x. Suppose 0 = -4*i + 7*i - v. List the prime factors of i.
13
Suppose -4*n = a + 36, 5*a + 80 = 5*n + 25. Let x = a - -21. List the prime factors of x.
5
Suppose -10*q + 13*q - 5631 = -3*m, 0 = q + 1. List the prime factors of m.
2, 3, 313
Let x(c) be the second derivative of 2*c**3/3 + 19*c**2/2 - 8*c. What are the prime factors of x(9)?
5, 11
Suppose -119 = -221*h + 220*h + 2*w, w = -2*h + 263. What are the prime factors of h?
3, 43
Let b(l) = 54*l**2 + 13*l - 33. What are the prime factors of b(-6)?
3, 13, 47
Suppose -x - 5*k + 5353 = 0, -29379 = -4*x + 3*k - 7875. List the prime factors of x.
3, 199
Let o = 70 + -69. List the prime factors of 0 + o - 0 - -5*14.
71
Let n = 47 - 43. Suppose 9*m - 1313 = -n*m. What are the prime factors of m?
101
Let u(b) = 33*b**2 + 20 + 0*b + b**3 - 16*b**2 + 15*b. List the prime factors of u(-15).
5, 7
Let u(k) = 119*k - 1. Let a be u(1). Let w(b) = b**3 + 12*b**2 - 7*b + 7. Let j be w(-13). Let g = a + j. What are the prime factors of g?
47
Let i(t) = t**2 + 2*t - 33. Let d be i(-6). What are the prime factors of (-3)/(18/(-344)) - 6/d?
2, 29
Suppose 8*o + 4507 - 16291 = 0. What are the prime factors of o?
3, 491
Let n(u) = 5*u**3 + 8*u**2 - u - 3. Let j(a) = 11*a**3 + 17*a**2 - a - 7. Let l be (-44)/12 - 2/6. Let t(d) = l*j(d) + 9*n(d). List the prime factors of t(-4).
3, 7
Suppose 10 = 5*b - 3*b. Suppose b*f + 3 = 23. Suppose 0*z = -f*z + 96. What are the prime factors of z?
2, 3
Let d be 3/(3/(-2))*3. Let w(o) = -2*o**3 + o**2 + 1. Let h(c) = 3*c**3 - 10*c**2 - 6*c + 3. Let a(z) = -h(z) - 2*w(z). What are the prime factors of a(d)?
31
Let m(t) = 8*t - 9. Let g(s) = 9*s - 10. Let r(i) = -4*g(i) + 5*m(i). Let j be r(2). Suppose -6*h + 108 = -j*h. What are the prime factors of h?
2, 3
Let n(s) be the second derivative of -29*s**3/6 - 17*s**2 - s. What are the prime factors of n(-6)?
2, 5, 7
List the prime factors of (-311)/(-2) - -5*(-6)/(-20).
157
Suppose -5*v + 6 = -2*l, -22 = -4*v - 3*l - 8. Suppose t - v*t + 49 = 0. What are the prime factors of t?
7
List the prime factors of (7 - 17/3)*807.
2, 269
Let f(w) = 2*w**3 - 47*w**2 - 14*w + 45. What are the prime factors of f(24)?
3, 5, 19
Suppose 8 = 2*s + 2*t - 0*t, t - 5 = -2*s. Let j(a) be the second derivative of 3*a**5/2 + a**4/12 - a**3/3 + a**2/2 + 11*a - 2. List the prime factors of j(s).
2, 3, 5
Suppose 0 = 4*k + 3*f - 5, 4*k + f + 5 = -4*f. List the prime factors of (10/k)/((-10)/(-1545)).
3, 103
Let y(s) = 14*s**3. Let f be y(-1). Let o = 18 + f. Let g(m) = 3*m + 5. List the prime factors of g(o).
17
Let w(r) = -12 + 5 + 9*r - 2 + 2*r**2. Let y be w(-7). Suppose 4*t = y + 82. List the prime factors of t.
3
Let r(g) = -19*g**3 + g - 1. Let u be r(1). Let t = 24 + u. Suppose -b - 2*c = -39, -5*b + 263 - 68 = t*c. List the prime factors of b.
3, 13
Suppose 4*p - 1165 = -417. List the prime factors of p.
11, 17
Let z be (100/(-16))/((-1)/4). Let b = z + -20. Suppose 2*o - 3*h - 125 = 0, o - b*o = -h - 225. What are the prime factors of o?
5, 11
Let b(m) = -m**2 - 37*m - 9. Suppose -6 = 2*p + 42. List the prime factors of b(p).
3, 101
Let v(m) = -5*m**3 - 5*m**2 - 4*m. Let n be v(-1). Let y(w) = 2*w**2 + 2*w - 4 - 4 - 3*w. List the prime factors of y(n).
2, 5
List the prime factors of 0 - 2 - -268*(-25)/(-10).
2, 167
Suppose -3*j + 30 = -j. Let m = 98 - j. List the prime factors of m.
83
Let j be (1420/(-10))/(1 + 1). Let p = -7 - j. What are the prime factors of p?
2
Suppose -627 = -z + c, 0 = -z - 26*c + 29*c + 631. List the prime factors of z.
5
Let r(n) = -n**3 + 20*n**2 + 6*n - 18. List the prime factors of r(19).
457
Let w(i) = 2*i. Let s be w(2). Suppose s*x - z = -2*z + 42, 4 = -2*z. List the prime factors of x.
11
Let x(j) = j**3 + 6*j**2 + 6*j + 8. Let f be x(-5). Suppose 3*v - f*s - 130 = v, -s + 122 = 2*v. What are the prime factors of v?
2, 31
What are the prime factors of (-10)/55 - -1*11992/11?
2, 5, 109
Let c = -733 - -817. List the prime factors of c.
2, 3, 7
Let x(b) = -b**3 - 10*b**2 - 7*b - 45. List the prime factors of x(-10).
5
Suppose 10*f = 9*f + 44. Suppose 5*p - f = p. What are the prime factors of p?
11
Let p(u) = 9*u**3 - 9*u**2 - 23*u + 20. List the prime factors of p(6).
2, 751
Suppose 4*w + 4*g - 36 = 0, w + g = 3*g - 6. Suppose -5*k = -t + 24 + 100, 0 = -w*t + 5*k + 526. What are the prime factors of t?
2, 67
Let r(x) = x**2 - 6*x + 8. Let o be r(6). Suppose -o*z = -3*z - 20. Let p = z - 2. List the prime factors of p.
2
Suppose -y = -3*g - 43, -g - 120 = -4*y + 107. Suppose z + 0*x = x + y, 0 = -z - 5*x + 46. Suppose 0*k = 7*k - z. List the prime factors of k.
2
Let u(g) = g + 5. Let a be u(-5). Suppose -3 = -3*l - a. Suppose -22 = -t + l. What are the prime factors of t?
23
What are the prime factors of (-9872)/(-3) + 2 + (-82)/(-246)?
37, 89
Suppose -4*o - 46 = -6. Let h = -14 - o. What are the prime factors of h + (-1 - 3 - -39)?
31
Let z(b) = b**3 - 4*b**2 + 5*b - 7. Let k(v) = -3*v - 17. Let f be k(-7). Let d be z(f). Let r = d - 0. What are the prime factors of r?
13
Suppose -49*d + 56094 = -80420. List the prime factors of d.
2, 7, 199
Let s(x) = 0 + 3 - 19*x + 4 - 3. Let p be s(-4). Let n = p - 46. What are the prime factors of n?
2, 17
Let g = 1 + 289. Let y = 430 - g. What are the prime factors of y?
2, 5, 7
Let p(m) = -m**3 - 6*m**2 - 27*m + 57. List the prime factors of p(-8).
401
Let c = 91 + 313. What are the prime factors of c?
2, 101
Suppose 159 = c - 693. Suppose 3*u - 81 = c. What are the prime factors of u?
311
Suppose 0 = -34*g + 31*g. Suppose 0*n - 16 = -4*n. Suppose 2*i + 2 = g, n*i - 41 = -4*a + 3. What are the prime factors of a?
2, 3
Suppose -4*h + 900 = -256. List the prime factors of h.
17
Suppose -75 = 3*b - 6*b. Let p = 32 - b. Suppose -v - 2*h + p = -h, 0 = -5*v - h + 39. What are the prime factors of v?
2
Suppose -s = -89 - 73. What are the prime factors of s?
2, 3
Let o(z) = 2*z**2 - 5*z - 5. Let r be o(5). Suppose 384 = 4*x + r. What are the prime factors of x/3 - 1/3?
2, 3, 5
Suppose o + 4*s - 149 = 0, -o + 0*s + 167 = -2*s. List the prime factors of o.
7, 23
List the prime factors of (15/10 + (1 - 3))*-6.
3
What are the prime factors of (-2)/(-13) + -2 + (-756728)/(-182)?
2, 1039
Suppose -2*r = 3 - 7. Suppose -r